- 2899. Calculate q(-171).
-163
Let k(x) = 9*x**2 + 272*x - 33606. Determine k(-78).
-66
Let o(f) = 21*f**2 - 757*f + 4911. Calculate o(11).
-875
Let b(p) = 1137*p**3 + 3*p**2 - 1780*p + 1778. Give b(1).
1138
Let u(m) = -m**3 + 446*m + 28. Calculate u(0).
28
Let q(p) = 5*p**3 - 41*p**2 + 18*p + 125. Determine q(8).
205
Let v(a) = -80*a**2 - 11324*a + 5122. Calculate v(-142).
10
Let j(m) = 45*m**2 + 4265*m - 1041. Calculate j(-95).
-91
Let f(c) = -245*c + 9934. Calculate f(34).
1604
Let r(x) = -12563*x - 163411. Determine r(-13).
-92
Let v(r) = 2*r**2 + 15407*r - 869068. What is v(56)?
-4
Let n(v) = 1128*v + 42865. Calculate n(-38).
1
Let u(t) = -t**3 - 69*t**2 - 207*t - 362. Determine u(-66).
232
Let k(y) = -647*y - 7494. Calculate k(-12).
270
Let u(o) = 148*o - 18933. Give u(127).
-137
Let g(h) = 2535*h**2 - 697123*h - 550. Give g(275).
0
Let c(a) = 2*a**3 - 502*a**2 + 1933*a + 10610. Determine c(247).
-11
Let b(a) = -19909*a - 557450. What is b(-28)?
2
Let l(k) = -k**3 + 7*k**2 + 110*k - 1177. Give l(14).
-1009
Let g(r) = -150489*r - 1053416. Calculate g(-7).
7
Let p(h) = -h**3 + 77*h**2 - 369*h + 806. Give p(72).
158
Let y(o) = 35*o**2 - 836*o + 3747. Give y(6).
-9
Let f(y) = -2*y**3 + 173*y**2 - 1759*y + 143883. Give f(86).
5
Let y(c) = -32221*c + 12598405. What is y(391)?
-6
Let d(j) = 831*j - 32486. What is d(39)?
-77
Let h(q) = 3*q**2 + 606*q + 22732. Give h(-152).
-68
Let k(v) = 23946*v + 6082276. Give k(-254).
-8
Let s(t) = 4*t**3 + 92*t**2 + 500*t + 11512. What is s(-23)?
12
Let p(o) = -220*o + 1322. What is p(10)?
-878
Let g(d) = 6563*d + 479153. Determine g(-73).
54
Let f(k) = -366*k - 1611. Give f(-6).
585
Let v(s) = -55*s**2 - 5625*s - 1461. Calculate v(-102).
69
Let l(t) = -t**2 + 5*t - 1162. Give l(0).
-1162
Let x(i) = -i**3 - 16*i**2 + 612*i - 802. Calculate x(14).
1886
Let r(l) = l**3 - 289*l**2 + 1720*l - 116. Determine r(6).
16
Let h(r) = -882*r - 139717. Give h(-158).
-361
Let w(x) = -x**3 + 85*x**2 - 1675*x - 1352. Give w(33).
1
Let o(k) = -227*k + 17263. What is o(75)?
238
Let d(l) = 34325*l - 274612. Determine d(8).
-12
Let t(o) = 147*o - 21581. What is t(137)?
-1442
Let g(f) = -f**3 - 5370*f**2 + 16135*f - 3. Calculate g(3).
45
Let w(v) = -21*v**3 + 316*v**2 - 45*v + 35. Give w(15).
-415
Let b(w) = 2*w**2 - 299*w + 756. Calculate b(147).
21
Let p(a) = -15146*a - 76024. What is p(-5)?
-294
Let o(m) = -14*m**3 + 92*m**2 + 17*m - 8. Determine o(5).
627
Let c(m) = m**2 - 223*m + 5801. What is c(30)?
11
Let r(s) = 57*s**2 + 3595*s + 253. What is r(-63)?
1
Let z(d) = 632520*d - 3795115. Determine z(6).
5
Let y(g) = 1116*g - 2867. Determine y(3).
481
Let n(l) = 3*l**2 - 4150*l + 12416. Give n(3).
-7
Let i(d) = 4*d**2 - 984*d + 4059. Give i(242).
187
Let x(f) = f**3 + 345*f**2 + 20282*f - 42426. What is x(-78)?
6
Let v(l) = 69*l - 2577. Calculate v(59).
1494
Let y(a) = -30*a**2 - 79*a - 96. What is y(-5)?
-451
Let a(m) = 4*m**3 - 21*m**2 - 189*m + 18. Give a(-6).
-468
Let n(x) = -68*x**2 - 5753*x + 635. What is n(-85)?
-1660
Let r(u) = 427*u + 3186. Calculate r(-6).
624
Let t(j) = j**2 + 24441*j - 293387. Calculate t(12).
49
Let s(n) = -11*n**2 - 6241*n + 12524. Calculate s(2).
-2
Let z(h) = 62*h**2 - 3892*h + 2263. Determine z(62).
-713
Let o(b) = -b**3 - 155*b**2 - 259*b - 15001. Determine o(-154).
1169
Let x(c) = 28854*c + 14571268. Give x(-505).
-2
Let j(t) = -2*t**3 + 166*t**2 + 340*t + 106. Give j(85).
106
Let o(v) = v**3 - 19*v**2 + 18*v + 22. Give o(0).
22
Let o(p) = p**3 - 81*p**2 - 396*p - 1686. What is o(86)?
1238
Let b(w) = -1710*w + 523271. Calculate b(306).
11
Let w(s) = 42*s**2 + 122*s - 434. Determine w(-5).
6
Let o(j) = -6*j**2 + 21916*j - 131284. Calculate o(6).
-4
Let q(m) = -668*m - 7730. Give q(-5).
-4390
Let g(p) = 9*p**3 + 8*p**2 - 28*p + 1651. What is g(0)?
1651
Let x(l) = -933*l + 1043. What is x(1)?
110
Let g(p) = -5*p**3 - 30*p**2 + 1925*p + 11548. Give g(-6).
-2
Let h(r) = r**2 - 156*r + 5697. What is h(53)?
238
Let z(i) = i**2 - 5235*i + 1. Calculate z(0).
1
Let i(y) = 40*y + 1276. Determine i(-60).
-1124
Let t(c) = -c**2 - 188*c - 8816. Determine t(-96).
16
Let m(p) = -283*p - 2114. Determine m(-11).
999
Let n(l) = -2*l**3 - 342*l**2 - 10839*l - 372. What is n(-129)?
15
Let y(k) = 23*k - 1042. Determine y(45).
-7
Let a(x) = 420*x + 5822. Calculate a(-11).
1202
Let k(j) = j**3 - 68*j**2 + 29*j + 2548. Calculate k(68).
4520
Let p(m) = -6*m**2 + 1986*m - 13624. Calculate p(324).
-16
Let b(h) = 7*h**3 + 16*h**2 + 205*h + 340. Give b(-2).
-62
Let x(z) = 2*z**3 - 128*z**2 - 732*z + 39155. Calculate x(65).
25
Let o(b) = 1000582*b - 6003492. Calculate o(6).
0
Let f(z) = -4*z**3 + 200*z + 776. What is f(-4)?
232
Let x(u) = -2353*u + 39724. Determine x(17).
-277
Let c(i) = 47*i**2 + 7834*i - 2408. Calculate c(-167).
97
Let s(p) = 538*p - 37698. Calculate s(70).
-38
Let p(v) = 3*v**3 + 286*v**2 + 2076*v + 217720. Give p(-96).
-8
Let u(d) = d**3 + 539*d**2 - 1134*d - 28140. Determine u(-541).
-8
Let c(t) = -155*t + 9657. Determine c(59).
512
Let d(m) = -472128*m + 3304914. Give d(7).
18
Let p(t) = 27*t + 550. What is p(-12)?
226
Let f(y) = -12*y**2 - 47*y + 8731. Determine f(-29).
2
Let d(j) = -502106*j - 31632673. Calculate d(-63).
5
Let n(r) = -r**2 - 7823*r + 117562. Calculate n(15).
-8
Let u(j) = -2*j**2 + 348*j - 15606. Calculate u(77).
-668
Let b(z) = 22*z**2 - 160*z + 161. Determine b(6).
-7
Let a(k) = k**3 + 123*k**2 + 3460*k - 751. Calculate a(-79).
513
Let x(u) = u**3 + 164*u**2 + 281*u - 57454. Determine x(-160).
-14
Let m(k) = -35*k**2 + 3702*k - 2830. Calculate m(105).
5
Let u(l) = l**2 - 3005*l + 115692. What is u(39)?
18
Let n(d) = 66848*d - 5682079. Give n(85).
1
Let h(r) = r**3 - 296*r**2 - 959*r - 167. Determine h(-3).
19
Let x(o) = -372361*o + 744724. Calculate x(2).
2
Let h(v) = v**3 - 104*v**2 - 222*v + 317. Determine h(106).
-743
Let l(y) = -y**3 - 32*y**2 - 8356*y - 57264. What is l(-7)?
3
Let v(w) = -15801*w - 94802. What is v(-6)?
4
Let i(k) = -18868*k + 1622654. What is i(86)?
6
Let s(u) = -u**3 + 27*u**2 + 191*u - 1761. What is s(31)?
316
Let q(h) = 3*h**2 - 773*h - 760. What is q(-1)?
16
Let s(d) = d**2 - 726*d + 131657. What is s(352)?
9
Let l(d) = -d**3 - 513*d**2 + 2088*d + 12. Calculate l(4).
92
Let o(t) = -t**3 + 422*t**2 - 5832*t + 210650. What is o(409)?
15
Let l(v) = -2*v**3 + 362*v**2 + 3039*v + 92. Give l(-8).
-28
Let p(b) = b**2 - 59*b + 665. What is p(44)?
5
Let g(a) = -2*a**3 + 127*a**2 - 151*a + 13743. Give g(64).
-17
Let u(c) = 3760*c - 1214746. Determine u(323).
-266
Let r(k) = k**3 + 21*k**2 - 78*k - 59. What is r(-24)?
85
Let n(j) = -j**3 - 24*j**2 - 85*j - 85. Give n(-6).
-223
Let k(z) = 5*z**3 + 172*z**2 - 275*z + 185. Determine k(-36).
-283
Let z(m) = 240780*m - 6019486. Determine z(25).
14
Let b(j) = -7405*j - 45131. Calculate b(-6).
-701
Let n(m) = m**3 - 101*m**2 + 1068*m - 7. Give n(12).
-7
Let o(z) = -z**3 - 82*z**2 + 9*z + 854. Give o(-82).
116
Let k(d) = 1450*d + 100023. Determine k(-69).
-27
Let u(p) = -2*p**3 - 147*p**2 + 418*p + 35947. Give u(-73).
104
Let a(c) = -917697*c + 19271631. Determine a(21).
-6
Let t(h) = -239*h**2 - 5039*h - 397. Determine t(-21).
23
Let l(t) = -t**2 + 1606*t + 9670. Give l(-6).
-2
Let b(t) = -7081*t + 446106. What is b(63)?
3
Let x(a) = -a**2 - 948*a + 911687. What is x(592)?
7
Let l(o) = o**2 - 1040*o - 74279. Determine l(-67).
-110
Let b(z) = -321*z + 41581. Calculate b(130).
-149
Let l(t) = -1039*t**2 + 3095*t + 16. Give l(3).
-50
Let a(k) = 66*k**3 - 10230*k**2 - 14. What is a(155)?
-14
Let k(j) = 535*j - 25465. What is k(49)?
750
Let y(u) = -u**2 + 593*u - 57956. Calculate y(125).
544
Let f(y) = 1493*y - 68601. Calculate f(47).
1570
Let a(g) = -g**3 - 119*g**2 + 169*g + 5914. Give a(-120).
34
Let h(a) = -2*a**3 + 229*a**2 - 262*a - 8706. Calculate h(113).
-5
Let n(p) = -68*p - 3339. What is n(-46)?
-211
Let q(p) = -131*p**2 - 5126*p - 670. What is q(-39)?
-7
Let n(u) = 2*u**3 - 152*u**2 + 2019*u + 309. Give n(59).
1076
Let g(y) = y**2 - 1697*y + 321163. Give g(217).
3
Let i(u) = 868*u**2 + 4111*u + 4522. What is i(-3)?
1
Let j(k) = 1150*k + 6383. Calculate j(-6).
-517
Let s(l) = -118204*l - 5555513. Give s(-47).
75
Let a(b) = 226*b - 46343. Determine a(222).
3829
Let m(w) = 15*w**2 - 394*w + 215. What is m(15)?
-